{"id":12295,"date":"2023-03-16T10:19:02","date_gmt":"2023-03-16T10:19:02","guid":{"rendered":"https:\/\/www.cinc.com\/?page_id=12295"},"modified":"2025-07-25T11:31:32","modified_gmt":"2025-07-25T10:31:32","slug":"oficina-virtual","status":"publish","type":"page","link":"https:\/\/www.cinc.com\/ca\/oficina-virtual\/","title":{"rendered":"Oficina Virtual"},"content":{"rendered":"\n<div class=\"wp-block-uagb-container uagb-block-cf2883be alignfull uagb-is-root-container\"><div class=\"uagb-container-inner-blocks-wrap\">\n<div class=\"wp-block-uagb-container uagb-block-e18c6f40\">\n<h3 class=\"wp-block-heading has-large-font-size\" style=\"font-style:normal;font-weight:300\">Si treballes des de casa, viatges molt o necessites un espai per reunir-te amb els teus clients, l\u2019oficina virtual \u00e9s per a tu.<\/h3>\n\n\n\n<p>Estiguis on estiguis, projectar\u00e0s la millor imatge del teu negoci amb total flexibilitat i amb el m\u00ednim cost.<\/p>\n<\/div>\n\n\n\n<div class=\"wp-block-uagb-container uagb-block-c1550b87\">\n<h4 class=\"wp-block-heading has-cinc-orange-color has-text-color\" style=\"font-style:normal;font-weight:300\">Qu\u00e8 inclou la contractaci\u00f3 d\u2019oficina virtual?<\/h4>\n\n\n\n<ul class=\"checks-list wp-block-list\">\n<li>Adre\u00e7a als principals domicilis de Barcelona, Girona o Figueres<\/li>\n\n\n\n<li>B\u00fastia privada<\/li>\n\n\n\n<li>Recepci\u00f3 de missatgeria i paqueteria<\/li>\n\n\n\n<li>Reenviament de correu postal <\/li>\n\n\n\n<li>N\u00famero de tel\u00e8fon exclusiu<\/li>\n\n\n\n<li>Gesti\u00f3 de l&#8217;agenda personal<\/li>\n\n\n\n<li>Logotip al Hall de l&#8217;edifici<\/li>\n\n\n\n<li>Recepci\u00f3 de visites<\/li>\n\n\n\n<li>\u00das de sales de reuni\u00f3 en qualsevol dels nostres centres<\/li>\n\n\n\n<li>Tarifes preferents per a la resta de serveis<\/li>\n\n\n\n<li>Servei d&#8217;atenci\u00f3 telef\u00f2nica personalitzada amb el nom de l&#8217;empresa<\/li>\n<\/ul>\n<\/div>\n<\/div><\/div>\n\n\n\n<div class=\"wp-block-uagb-container uagb-block-520c94a1 alignfull uagb-is-root-container\"><div class=\"uagb-container-inner-blocks-wrap\">\n<div class=\"marquee-text-wrapper \"><p class=\"marquee-text big-title fw\">Apunta&#8217;t a la nostra newsletter<\/p><\/div>\n\n\n<div class=\"wp-block-cinc-blocks-newsletter-form\">\n    <form id=\"newsletter-form\" method=\"POST\" class=\"wp-block-cinc-blocks-newsletter-form__form\">\n        <input class=\"wp-block-cinc-blocks-newsletter-form__field\" type=\"text\" placeholder=\"Your name\" name=\"name\" required \/>\n        <select class=\"wp-block-cinc-blocks-newsletter-form__select\" name=\"town\" required>\n            <option value=\"\" readonly>Town<\/option>\n            <option value=\"barcelona\">Barcelona<\/option>\n            <option value=\"girona\">Girona<\/option>\n        <\/select>\n        <input class=\"wp-block-cinc-blocks-newsletter-form__field\" type=\"email\" placeholder=\"Your email\" name=\"email\" required \/>\n        <button class=\"wp-block-cinc-blocks-newsletter-form__button\">Subscribe<\/button>\n    <\/form>\n    <div id=\"newsletter-form-response\"><\/div>\n<\/div><\/div><\/div>\n","protected":false},"excerpt":{"rendered":"<p>Si treballes des de casa, viatges molt o necessites un espai per reunir-te amb els teus clients, l\u2019oficina virtual \u00e9s per a tu. Estiguis on estiguis, projectar\u00e0s la millor imatge del teu negoci amb total flexibilitat i amb el m\u00ednim cost. Qu\u00e8 inclou la contractaci\u00f3 d\u2019oficina virtual?<\/p>\n","protected":false},"author":3,"featured_media":0,"parent":0,"menu_order":0,"comment_status":"closed","ping_status":"closed","template":"","meta":{"_acf_changed":false,"_uag_custom_page_level_css":"","footnotes":""},"class_list":["post-12295","page","type-page","status-publish","hentry"],"acf":[],"uagb_featured_image_src":{"full":false,"thumbnail":false,"medium":false,"medium_large":false,"large":false,"1536x1536":false,"2048x2048":false,"gform-image-choice-sm":false,"gform-image-choice-md":false,"gform-image-choice-lg":false},"uagb_author_info":{"display_name":"Anna","author_link":"https:\/\/www.cinc.com\/ca\/author\/anna\/"},"uagb_comment_info":0,"uagb_excerpt":"Si treballes des de casa, viatges molt o necessites un espai per reunir-te amb els teus clients, l\u2019oficina virtual \u00e9s per a tu. Estiguis on estiguis, projectar\u00e0s la millor imatge del teu negoci amb total flexibilitat i amb el m\u00ednim cost. Qu\u00e8 inclou la contractaci\u00f3 d\u2019oficina virtual?","jetpack_sharing_enabled":true,"_links":{"self":[{"href":"https:\/\/www.cinc.com\/ca\/wp-json\/wp\/v2\/pages\/12295","targetHints":{"allow":["GET"]}}],"collection":[{"href":"https:\/\/www.cinc.com\/ca\/wp-json\/wp\/v2\/pages"}],"about":[{"href":"https:\/\/www.cinc.com\/ca\/wp-json\/wp\/v2\/types\/page"}],"author":[{"embeddable":true,"href":"https:\/\/www.cinc.com\/ca\/wp-json\/wp\/v2\/users\/3"}],"replies":[{"embeddable":true,"href":"https:\/\/www.cinc.com\/ca\/wp-json\/wp\/v2\/comments?post=12295"}],"version-history":[{"count":12,"href":"https:\/\/www.cinc.com\/ca\/wp-json\/wp\/v2\/pages\/12295\/revisions"}],"predecessor-version":[{"id":31171,"href":"https:\/\/www.cinc.com\/ca\/wp-json\/wp\/v2\/pages\/12295\/revisions\/31171"}],"wp:attachment":[{"href":"https:\/\/www.cinc.com\/ca\/wp-json\/wp\/v2\/media?parent=12295"}],"curies":[{"name":"wp","href":"https:\/\/api.w.org\/{rel}","templated":true}]}}

<div class="wp-block-uagb-container uagb-block-cf2883be alignfull uagb-is-root-container"><div class="uagb-container-inner-blocks-wrap">
<div class="wp-block-uagb-container uagb-block-e18c6f40">
<h3 class="wp-block-heading has-large-font-size" style="font-style:normal;font-weight:300">Si treballes des de casa, viatges molt o necessites un espai per reunir-te amb els teus clients, l’oficina virtual és per a tu.</h3>



<p>Estiguis on estiguis, projectaràs la millor imatge del teu negoci amb total flexibilitat i amb el mínim cost.</p>
</div>



<div class="wp-block-uagb-container uagb-block-c1550b87">
<h4 class="wp-block-heading has-cinc-orange-color has-text-color" style="font-style:normal;font-weight:300">Què inclou la contractació d’oficina virtual?</h4>



<ul class="checks-list wp-block-list">
<li>Adreça als principals domicilis de Barcelona, Girona o Figueres</li>



<li>Bústia privada</li>



<li>Recepció de missatgeria i paqueteria</li>



<li>Reenviament de correu postal </li>



<li>Número de telèfon exclusiu</li>



<li>Gestió de l&#8217;agenda personal</li>



<li>Logotip al Hall de l&#8217;edifici</li>



<li>Recepció de visites</li>



<li>Ús de sales de reunió en qualsevol dels nostres centres</li>



<li>Tarifes preferents per a la resta de serveis</li>



<li>Servei d&#8217;atenció telefònica personalitzada amb el nom de l&#8217;empresa</li>
</ul>
</div>
</div></div>



<div class="wp-block-uagb-container uagb-block-520c94a1 alignfull uagb-is-root-container"><div class="uagb-container-inner-blocks-wrap">
<div class="marquee-text-wrapper "><p class="marquee-text big-title fw">Apunta&#8217;t a la nostra newsletter</p></div>


<div class="wp-block-cinc-blocks-newsletter-form">
    <form id="newsletter-form" method="POST" class="wp-block-cinc-blocks-newsletter-form__form">
        <input class="wp-block-cinc-blocks-newsletter-form__field" type="text" placeholder="Your name" name="name" required />
        <select class="wp-block-cinc-blocks-newsletter-form__select" name="town" required>
            <option value="" readonly>Town</option>
            <option value="barcelona">Barcelona</option>
            <option value="girona">Girona</option>
        </select>
        <input class="wp-block-cinc-blocks-newsletter-form__field" type="email" placeholder="Your email" name="email" required />
        <button class="wp-block-cinc-blocks-newsletter-form__button">Subscribe</button>
    </form>
    <div id="newsletter-form-response"></div>
</div></div></div>

<p>Si treballes des de casa, viatges molt o necessites un espai per reunir-te amb els teus clients, l’oficina virtual és per a tu. Estiguis on estiguis, projectaràs la millor imatge del teu negoci amb total flexibilitat i amb el mínim cost. Què inclou la contractació d’oficina virtual?</p>

Si treballes des de casa, viatges molt o necessites un espai per reunir-te amb els teus clients, l’oficina virtual és per a tu. Estiguis on estiguis, projectaràs la millor imatge del teu negoci amb total flexibilitat i amb el mínim cost. Què inclou la contractació d’oficina virtual?
