{"version":"1.0","provider_name":"CINC","provider_url":"https:\/\/www.cinc.com\/ca\/","author_name":"Pol","author_url":"https:\/\/www.cinc.com\/ca\/author\/pol\/","title":"Els grans reptes de la Reforma Fiscal - CINC","type":"rich","width":600,"height":338,"html":"<blockquote class=\"wp-embedded-content\" data-secret=\"UWGeiKig8C\"><a href=\"https:\/\/www.cinc.com\/ca\/acte\/els-grans-reptes-de-la-reforma-fiscal\/\">Els grans reptes de la Reforma Fiscal<\/a><\/blockquote><iframe sandbox=\"allow-scripts\" security=\"restricted\" src=\"https:\/\/www.cinc.com\/ca\/acte\/els-grans-reptes-de-la-reforma-fiscal\/embed\/#?secret=UWGeiKig8C\" width=\"600\" height=\"338\" title=\"&#8220;Els grans reptes de la Reforma Fiscal&#8221; &#8212; CINC\" data-secret=\"UWGeiKig8C\" frameborder=\"0\" marginwidth=\"0\" marginheight=\"0\" scrolling=\"no\" class=\"wp-embedded-content\"><\/iframe><script type=\"text\/javascript\">\n\/* <![CDATA[ *\/\n\/*! This file is auto-generated *\/\n!function(d,l){\"use strict\";l.querySelector&&d.addEventListener&&\"undefined\"!=typeof URL&&(d.wp=d.wp||{},d.wp.receiveEmbedMessage||(d.wp.receiveEmbedMessage=function(e){var t=e.data;if((t||t.secret||t.message||t.value)&&!\/[^a-zA-Z0-9]\/.test(t.secret)){for(var s,r,n,a=l.querySelectorAll('iframe[data-secret=\"'+t.secret+'\"]'),o=l.querySelectorAll('blockquote[data-secret=\"'+t.secret+'\"]'),c=new RegExp(\"^https?:$\",\"i\"),i=0;i<o.length;i++)o[i].style.display=\"none\";for(i=0;i<a.length;i++)s=a[i],e.source===s.contentWindow&&(s.removeAttribute(\"style\"),\"height\"===t.message?(1e3<(r=parseInt(t.value,10))?r=1e3:~~r<200&&(r=200),s.height=r):\"link\"===t.message&&(r=new URL(s.getAttribute(\"src\")),n=new URL(t.value),c.test(n.protocol))&&n.host===r.host&&l.activeElement===s&&(d.top.location.href=t.value))}},d.addEventListener(\"message\",d.wp.receiveEmbedMessage,!1),l.addEventListener(\"DOMContentLoaded\",function(){for(var e,t,s=l.querySelectorAll(\"iframe.wp-embedded-content\"),r=0;r<s.length;r++)(t=(e=s[r]).getAttribute(\"data-secret\"))||(t=Math.random().toString(36).substring(2,12),e.src+=\"#?secret=\"+t,e.setAttribute(\"data-secret\",t)),e.contentWindow.postMessage({message:\"ready\",secret:t},\"*\")},!1)))}(window,document);\n\/* ]]> *\/\n<\/script>\n","description":"Sessi\u00f3 amb un tractament eminentment professional i pr\u00e0ctic sobre les principals novetats contemplades a la Reforma Fiscal en els \u00e0mbits de l'Impost sobre el Valor Afegit (IVA), sobre l'Impost de Societats (IS) i sobre l'Impost de la Renda de les Persones F\u00edsiques (IRPF)."}

Sessió amb un tractament eminentment professional i pràctic sobre les principals novetats contemplades a la Reforma Fiscal en els àmbits de l'Impost sobre el Valor Afegit (IVA), sobre l'Impost de Societats (IS) i sobre l'Impost de la Renda de les Persones Físiques (IRPF).
